actor of 2652472?
True
Does 27 divide 181305?
True
Is 2 a factor of 58893?
False
Does 6 divide 8088?
True
Does 28 divide 6831910?
False
Is 5094 a multiple of 3?
True
Is 112070 a multiple of 70?
True
Is 32 a factor of 85314?
False
Is 9 a factor of 2496933?
True
Does 83 divide 1234446?
False
Is 154235 a multiple of 283?
True
Is 86 a factor of 3537868?
True
Is 13321 a multiple of 32?
False
Does 69 divide 16621?
False
Is 401 a factor of 765108?
True
Does 17 divide 203711?
True
Does 323 divide 704786?
True
Is 287 a factor of 949134?
False
Is 87646 a multiple of 26?
True
Is 461510 a multiple of 23?
False
Is 625 a factor of 1021250?
True
Is 388844 a multiple of 5?
False
Does 28 divide 16926546?
False
Does 4 divide 49708?
True
Does 13 divide 1140828?
True
Does 537 divide 2489279?
False
Does 754 divide 526292?
True
Is 59292 a multiple of 244?
True
Is 403580 a multiple of 34?
True
Is 38486260 a multiple of 18?
False
Does 293 divide 52154?
True
Is 201 a factor of 270246?
False
Does 7 divide 31661?
True
Is 3642380 a multiple of 28?
True
Does 14 divide 1673533?
False
Is 1524547 a multiple of 94?
False
Does 126 divide 2379006?
True
Is 35 a factor of 1664215?
True
Is 8112 a multiple of 3?
True
Does 1413 divide 4484862?
True
Does 56 divide 66808?
True
Is 35 a factor of 767830?
True
Is 14934130 a multiple of 540?
False
Is 39556 a multiple of 44?
True
Is 1132056 a multiple of 9?
True
Does 135 divide 2413800?
True
Does 15 divide 22894560?
True
Does 30 divide 105570?
True
Is 479766 a multiple of 110?
False
Is 249 a factor of 2033038?
False
Is 4048082 a multiple of 33?
False
Is 90 a factor of 25167060?
True
Is 3267219 a multiple of 138?
False
Is 1550 a factor of 4133850?
True
Is 43 a factor of 132999?
True
Does 212 divide 99217?
False
Is 14 a factor of 61969?
False
Does 186 divide 3096051?
False
Is 647649 a multiple of 249?
True
Is 501 a factor of 4979?
False
Is 365 a factor of 1273745?
False
Is 25 a factor of 996438?
False
Is 127 a factor of 8251698?
True
Is 22 a factor of 374220?
True
Is 160 a factor of 14784?
False
Is 1166 a factor of 8370301?
False
Is 8999385 a multiple of 123?
False
Is 27 a factor of 58576?
False
Is 556987 a multiple of 34?
False
Does 134 divide 363006?
True
Is 26728 a multiple of 111?
False
Is 321055 a multiple of 7?
True
Is 13920660 a multiple of 405?
True
Does 39 divide 3041466?
False
Does 13 divide 1305129?
False
Does 403 divide 240994?
True
Is 1068190 a multiple of 10?
True
Is 5198787 a multiple of 99?
True
Does 127 divide 167005?
True
Is 462283 a multiple of 12?
False
Is 12 a factor of 10074636?
True
Is 2 a factor of 152140?
True
Is 122232 a multiple of 33?
True
Is 8 a factor of 212928?
True
Does 4 divide 24803?
False
Is 418846 a multiple of 34?
True
Does 435 divide 3244530?
False
Is 1277992 a multiple of 13?
False
Does 41 divide 56929?
False
Is 17 a factor of 13456557?
False
Is 5 a factor of 58795?
True
Is 10241203 a multiple of 207?
False
Is 27 a factor of 50868?
True
Does 55 divide 1618980?
True
Does 8 divide 501030?
False
Is 12 a factor of 89508?
True
Is 534 a factor of 74361?
False
Is 25 a factor of 26603?
False
Is 30 a factor of 1778336?
False
Is 227059 a multiple of 319?
False
Does 19 divide 22775444?
False
Is 47754 a multiple of 21?
True
Is 403 a factor of 265547?
False
Does 151 divide 364665?
True
Does 157 divide 20059576?
True
Does 139 divide 769226?
True
Is 1662492 a multiple of 52?
True
Is 25916 a multiple of 76?
True
Is 87 a factor of 1262844?
False
Is 14 a factor of 3606288?
True
Is 1533581 a multiple of 14?
False
Is 58 a factor of 118668?
True
Is 105 a factor of 30555?
True
Is 2094066 a multiple of 27?
True
Is 16486471 a multiple of 19?
True
Does 640 divide 3596800?
True
Is 245072 a multiple of 53?
True
Is 39942 a multiple of 31?
False
Is 14 a factor of 181555?
False
Does 253 divide 487422?
False
Does 76 divide 1182447?
False
Is 43 a factor of 670241?
True
Does 4 divide 3431504?
True
Does 137 divide 50600?
False
Does 186 divide 216318?
True
Is 42 a factor of 1165031?
False
Is 11035260 a multiple of 1818?
True
Is 114 a factor of 247608?
True
Does 9 divide 39118?
False
Does 109 divide 412914?
False
Does 88 divide 120963?
False
Is 660480 a multiple of 30?
True
Does 105 divide 660224?
False
Is 743501 a multiple of 257?
True
Is 1830719 a multiple of 10?
False
Is 1222815 a multiple of 15?
True
Is 5 a factor of 330422?
False
Is 4478192 a multiple of 230?
False
Is 26 a factor of 1136113?
False
Is 25 a factor of 775077?
False
Is 263900 a multiple of 364?
True
Is 2 a factor of 924318?
True
Is 608 a factor of 398240?
True
Is 57 a factor of 1005855?
False
Does 26 divide 7319432?
False
Is 1942140 a multiple of 43?
False
Does 69 divide 15417560?
False
Is 73 a factor of 1169056?
False
Does 21 divide 466180?
False
Is 55458 a multiple of 54?
True
Does 11 divide 47729?
True
Is 20 a factor of 136333?
False
Does 68 divide 606560?
True
Is 505 a factor of 450965?
True
Does 15 divide 23925?
True
Does 106 divide 863436?
False
Does 126 divide 4551929?
False
Is 145390 a multiple of 217?
True
Is 563442 a multiple of 284?
False
Is 29760 a multiple of 10?
True
Is 264 a factor of 2327160?
True
Is 83 a factor of 789384?
False
Does 36 divide 25714?
False
Is 60 a factor of 42787?
False
Does 83 divide 22048?
False
Does 13 divide 95924?
False
Is 71839 a multiple of 12?
False
Is 22600 a multiple of 20?
True
Does 17 divide 10506?
True
Does 112 divide 2600416?
True
Is 4 a factor of 83620?
True
Is 11 a factor of 16645937?
True
Does 20 divide 58120?
True
Is 101851 a multiple of 9?
False
Does 230 divide 4472810?
True
Does 169 divide 817020?
False
Is 3960250 a multiple of 155?
True
Does 223 divide 326078?
False
Is 291924 a multiple of 17?
True
Does 346 divide 1862014?
False
Is 873 a factor of 4242906?
False
Is 48 a factor of 14010333?
False
Is 89 a factor of 69598?
True
Is 797387 a multiple of 23?
True
Does 921 divide 5237930?
False
Is 28897 a multiple of 2?
False
Is 74480 a multiple of 133?
True
Is 5988024 a multiple of 218?
True
Does 258 divide 16925147?
False
Does 48 divide 1462368?
True
Does 621 divide 1260430?
False
Is 201488 a multiple of 112?
True
Does 70 divide 100170?
True
Is 605 a factor of 7714355?
True
Is 412 a factor of 6113808?
False
Is 285 a factor of 1838820?
True
Does 36 divide 1143000?
True
Is 690225 a multiple of 75?
True
Does 11 divide 208923?
True
Is 966496 a multiple of 86?
False
Is 150800 a multiple of 16?
True
Does 6 divide 1682946?
True
Does 14 divide 14424354?
True
Is 310 a factor of 313658?
False
Is 308 a factor of 1378633?
False
Does 39 divide 18759?
True
Is 8 a factor of 243874?
False
Does 24 divide 4531056?
True
Does 12 divide 40500?
True
Is 241522 a multiple of 24?
False
Does 613 divide 35210720?
True
Is 6654140 a multiple of 10?
True
Does 240 divide 784635?
False
Is 7 a factor of 12782?
True
Is 294532 a multiple of 14?
True
Does 18 divide 1387378?
False
Does 3 divide 11345?
False
Is 45 a factor of 47880?
True
Is 1468370 a multiple of 8?
False
Is 10 a factor of 112624?
False
Is 973 a factor of 10046712?
False
Is 4999995 a multiple of 165?
True
Is 318 a factor of 268137?
False
Is 255667 a multiple of 111?
False
Is 293 a factor of 1106075?
True
Is 1576 a factor of 6342581?
False
Is 221267 a multiple of 193?
False
Does 46 divide 10451798?
True
Is 305574 a multiple of 204?
False
Is 105385 a multiple of 54?
False
Is 6 a factor of 307950?
True
Does 36 divide 370116?
True
Is 5529 a multiple of 12?
False
Does 70 divide 257573?
False
Is 51 a factor of 2488698?
True
Does 2 divide 177002?
True
Does 30 divide 197190?
True
Does 25 divide 2471328?
False
Is 1487 a factor of 4331202?
False
Is 74 a factor of 5994?
True
Does 61 divide 344162?
True
Is 287025 a multiple of 43?
True
Does 9 divide 13822241?
False
Is 117992 a multiple of 7?
True
Is 39598 a multiple of 62?
False
Is 843352 a multiple of 1447?
False
Does 527 divide 970207?
True
Is 4 a factor of 3372?
True
Does 55 divide 56100?
True
Does 36 divide 161085?
False
Does 481 divide 9354668?
False
Does 43 divide 72503?
False
Is 352 a factor of 6108960?
True
Does 7 divide 3346769?
False
Does 51 divide 1844399?
False
Is 25832368 a multiple of 2237?
False
Is 163400 a multiple of 50?
True
Is 77 a factor of 259721?
True
Is 197154 a multiple of 54?
True
Is 2077851 a multiple of 80?
False
Is 2181105 